
What is the millions digit of 1358531?
1
What is the tens digit of 5304625?
2
What is the tens digit of 206202?
0
What is the ten millions digit of 27385245?
2
What is the units digit of 789858?
8
What is the millions digit of 7616143?
7
What is the tens digit of 8265839?
3
What is the thousands digit of 551173?
1
What is the ten millions digit of 10778636?
1
What is the units digit of 2808379?
9
What is the hundreds digit of 1516111?
1
What is the hundred thousands digit of 1150917?
1
What is the hundreds digit of 158177?
1
What is the hundreds digit of 7176954?
9
What is the thousands digit of 1211884?
1
What is the tens digit of 31697?
9
What is the units digit of 315308?
8
What is the ten thousands digit of 332842?
3
What is the tens digit of 16242225?
2
What is the hundreds digit of 1373080?
0
What is the ten thousands digit of 301273?
0
What is the hundreds digit of 4181582?
5
What is the hundreds digit of 2999834?
8
What is the hundred thousands digit of 215147?
2
What is the hundreds digit of 27763?
7
What is the units digit of 21932847?
7
What is the hundreds digit of 6920600?
6
What is the ten thousands digit of 6011409?
1
What is the hundred thousands digit of 495743?
4
What is the units digit of 3659886?
6
What is the thousands digit of 3066367?
6
What is the hundred thousands digit of 322217?
3
What is the hundred thousands digit of 5845903?
8
What is the hundreds digit of 81056?
0
What is the thousands digit of 74001?
4
What is the units digit of 882044?
4
What is the ten thousands digit of 443105?
4
What is the ten thousands digit of 2004724?
0
What is the millions digit of 3753461?
3
What is the ten thousands digit of 284811?
8
What is the hundreds digit of 5147837?
8
What is the units digit of 414127?
7
What is the ten thousands digit of 6593427?
9
What is the units digit of 571456?
6
What is the hundred thousands digit of 1675683?
6
What is the thousands digit of 15093571?
3
What is the units digit of 33439?
9
What is the ten thousands digit of 224907?
2
What is the hundreds digit of 3378830?
8
What is the tens digit of 73665?
6
What is the tens digit of 291273?
7
What is the millions digit of 1138305?
1
What is the hundreds digit of 2101648?
6
What is the tens digit of 953661?
6
What is the ten thousands digit of 7989271?
8
What is the tens digit of 62512?
1
What is the hundred thousands digit of 314376?
3
What is the ten thousands digit of 1345846?
4
What is the tens digit of 990257?
5
What is the tens digit of 426416?
1
What is the thousands digit of 3017426?
7
What is the hundred thousands digit of 3933618?
9
What is the tens digit of 11108151?
5
What is the hundred thousands digit of 207868?
2
What is the hundreds digit of 232334?
3
What is the thousands digit of 1331269?
1
What is the ten thousands digit of 299178?
9
What is the hundred thousands digit of 125530?
1
What is the units digit of 8752445?
5
What is the thousands digit of 366428?
6
What is the units digit of 1283224?
4
What is the thousands digit of 346707?
6
What is the ten millions digit of 31850624?
3
What is the hundred thousands digit of 967832?
9
What is the millions digit of 9658124?
9
What is the units digit of 6204986?
6
What is the hundred thousands digit of 1283593?
2
What is the ten thousands digit of 2310754?
1
What is the units digit of 199071?
1
What is the hundreds digit of 755598?
5
What is the tens digit of 161408?
0
What is the hundred thousands digit of 2011952?
0
What is the units digit of 12839425?
5
What is the hundreds digit of 850583?
5
What is the thousands digit of 253008?
3
What is the millions digit of 2101703?
2
What is the thousands digit of 2196834?
6
What is the hundreds digit of 41103712?
7
What is the thousands digit of 3181044?
1
What is the hundreds digit of 294042?
0
What is the units digit of 126882?
2
What is the tens digit of 6004339?
3
What is the millions digit of 4172717?
4
What is the hundred thousands digit of 7685759?
6
What is the tens digit of 868927?
2
What is the hundreds digit of 188471?
4
What is the hundreds digit of 1302513?
5
What is the thousands digit of 808551?
8
What is the hundreds digit of 40367?
3
What is the thousands digit of 150114?
0
What is the millions digit of 2183247?
2
What is the hundred thousands digit of 240473?
2
What is the units digit of 10172750?
0
What is the thousands digit of 347801?
7
What is the hundreds digit of 7283380?
3
What is the ten thousands digit of 2931506?
3
What is the tens digit of 7751090?
9
What is the units digit of 14399?
9
What is the thousands digit of 20872?
0
What is the thousands digit of 16027?
6
What is the hundreds digit of 5686895?
8
What is the millions digit of 13730351?
3
What is the tens digit of 7785207?
0
What is the tens digit of 6214211?
1
What is the units digit of 40741?
1
What is the units digit of 20569?
9
What is the hundred thousands digit of 3683391?
6
What is the hundred thousands digit of 2017988?
0
What is the ten thousands digit of 2554664?
5
What is the tens digit of 375313?
1
What is the ten thousands digit of 174360?
7
What is the thousands digit of 4216537?
6
What is the hundred thousands digit of 14706919?
7
What is the hundreds digit of 295681?
6
What is the units digit of 18625922?
2
What is the units digit of 429164?
4
What is the ten thousands digit of 74901?
7
What is the hundreds digit of 529163?
1
What is the tens digit of 16433000?
0
What is the units digit of 271487?
7
What is the units digit of 26364494?
4
What is the hundred thousands digit of 242522?
2
What is the hundred thousands digit of 383373?
3
What is the hundred thousands digit of 252629?
2
What is the millions digit of 12582890?
2
What is the tens digit of 3473505?
0
What is the thousands digit of 145331?
5
What is the tens digit of 4841637?
3
What is the thousands digit of 18882323?
2
What is the tens digit of 743750?
5
What is the hundred thousands digit of 4546864?
5
What is the thousands digit of 11999227?
9
What is the units digit of 7425808?
8
What is the thousands digit of 100366?
0
What is the units digit of 3343139?
9
What is the hundred thousands digit of 190628?
1
What is the ten thousands digit of 261699?
6
What is the thousands digit of 744742?
4
What is the thousands digit of 2285643?
5
What is the ten thousands digit of 65239?
6
What is the ten thousands digit of 5789207?
8
What is the millions digit of 22415193?
2
What is the hundreds digit of 282278?
2
What is the units digit of 16541959?
9
What is the ten thousands digit of 2525622?
2
What is the hundreds digit of 226620?
6
What is the ten thousands digit of 85161?
8
What is the units digit of 13543450?
0
What is the hundreds digit of 173519?
5
What is the thousands digit of 3545313?
5
What is the hundred thousands digit of 15124045?
1
What is the ten thousands digit of 874803?
7
What is the ten thousands digit of 1336746?
3
What is the tens digit of 511137?
3
What is the hundred thousands digit of 3234041?
2
What is the hundred thousands digit of 10138862?
1
What is the thousands digit of 838943?
8
What is the hundred thousands digit of 4578225?
5
What is the ten thousands digit of 6681893?
8
What is the ten thousands digit of 905646?
0
What is the thousands digit of 16515112?
5
What is the hundred thousands digit of 1402782?
4
What is the hundreds digit of 6389686?
6
What is the millions digit of 3118829?
3
What is the ten thousands digit of 788275?
8
What is the ten thousands digit of 2263704?
6
What is the units digit of 1967533?
3
What is the tens digit of 2163060?
6
What is the tens digit of 66169?
6
What is the thousands digit of 13094754?
4
What is the ten thousands digit of 1288580?
8
What is the tens digit of 446754?
5
What is the units digit of 274984?
4
What is the thousands digit of 139765?
9
What is the tens digit of 3745141?
4
What is the units digit of 3192264?
4
What is the units digit of 110952?
2
What is the tens digit of 691954?
5
What is the millions digit of 1203675?
1
What is the hundreds digit of 354506?
5
What is the thousands digit of 227092?
7
What is the thousands digit of 85268?
5
What is the thousands digit of 785610?
5
What is the ten thousands digit of 413551?
1
What is the ten thousands digit of 3359697?
5
What is the hundred thousands digit of 274907